alculate the highest common factor of 30 and r.
6
Let q = 10 - 4. Let h(j) = -j**2 + 8*j - 4. Let r be h(q). What is the greatest common factor of 20 and r?
4
Let w = 10 - 5. Suppose 5*y - w*j - 60 = 0, 85 - 7 = 5*y + j. What is the highest common factor of 30 and y?
15
Let g be (0 + 0)*(0 - -1). Let d be 8*5 + g/(-3). Let s = -8 + d. Calculate the greatest common factor of 16 and s.
16
Suppose 6 = 5*y - 2*y. Let f be 1/(4/44) + y. Let n(v) = v**3 + 7*v**2 + 6*v + 6. Let k be n(-5). Calculate the greatest common factor of f and k.
13
Suppose k = 3*k - 104. Suppose 2*f + 128 = 24. Let o be (-10)/(-4)*f/(-10). Calculate the highest common divisor of k and o.
13
Let h be 126/15 + 18/30. What is the greatest common divisor of h and 3?
3
Suppose 0 = -a + 4*o + 39 + 4, o = -5*a + 215. Suppose -3*n + 63 = -3*c + 7*c, n + a = 4*c. What is the greatest common factor of c and 6?
6
Let m = -7 - -9. Suppose 1 = c - 2*i - 4, 0 = -3*c - m*i + 15. What is the highest common factor of c and 45?
5
Let v(n) = 31*n + 12. Let m be v(4). What is the highest common factor of 17 and m?
17
Suppose -2*g = -84 + 14. What is the greatest common factor of 140 and g?
35
Let o be (-4 + 1)*(-2 - -1). Let f be (14 - o) + 1 + -2. Let a = 3 - 1. Calculate the greatest common divisor of a and f.
2
Let r be (-1052)/(-22) + (-14)/(-77). What is the highest common factor of r and 6?
6
Let q = 103 - 61. What is the highest common factor of 28 and q?
14
Let j be 2*(-30)/(-5) + -1. Let y = 301 + -180. What is the highest common factor of j and y?
11
Suppose -x + 6 = x. Let j(w) = w**3 - 1 + 0*w - 3*w**2 + 4*w + 0 + x. Let d be j(5). Calculate the greatest common divisor of d and 9.
9
Suppose 21 = -5*d + 2*s, 0 = 2*d - d + 5*s - 12. Let q be 8/d*18/(-3). What is the highest common factor of q and 2?
2
Let g be ((-7)/2)/((-1)/10). What is the greatest common factor of g and 245?
35
Let l(y) = 29*y**2 - 7*y + 3. Let n be l(2). Calculate the highest common factor of 15 and n.
15
Let f be 604/68 - 4/(-34). Let h(b) = -b**3 - 3*b**2 - 3*b - 3. Let u be h(-3). What is the greatest common divisor of f and u?
3
Suppose -3*r + n = -15, -n - 15 = -6*n. Let f(l) = 4*l - 19. Let y be f(r). What is the highest common factor of 35 and y?
5
Let b = 10 + -2. Let x = 7 - 7. Suppose -3*y = 4*j - 166, x = 2*j - 3*y + 2*y - 78. What is the highest common factor of b and j?
8
Let c be (2/(-4))/((-9)/648). Suppose 5*l + c = 8*l. What is the greatest common divisor of l and 96?
12
Suppose -9*z + 3*z + 30 = 0. Let f = 3 + z. What is the greatest common factor of 8 and f?
8
Suppose -2*n + 4*q - 88 = -6*n, 62 = 3*n + 5*q. Calculate the highest common divisor of 24 and n.
24
Let q = -33 + 38. Let v = -14 + 24. Calculate the highest common divisor of v and q.
5
Suppose -5*g = 3*w - 82, -5*g + 14 = -4*g + 3*w. Calculate the greatest common factor of 153 and g.
17
Let l(i) = i**3 + 9*i**2 - 8 + 6*i + 4*i - 3*i. Let a be l(-8). Suppose -c = v - 24, c - 3*v - v - 14 = a. What is the greatest common divisor of c and 22?
22
Let d be (-3 - (-5 + 0)) + 0. Suppose -3*a = 3*q - 171, -11 = d*a - 5*q - 111. Calculate the highest common divisor of 11 and a.
11
Let b be (-2 + -1)*100/(-15). Let y be b/3 + 4/(-6). Calculate the greatest common factor of y and 66.
6
Let c(z) = -4*z**3 + z**2 + z + 1. Let m be c(-1). Let l be (2 + 1)/3*m. Calculate the greatest common divisor of l and 45.
5
Suppose -r + z = -44, 4*r + r - 184 = -4*z. What is the greatest common factor of 60 and r?
20
Let z(v) = -v**2 + 6*v. Let p be z(6). Let r = 30 + -6. Suppose 2*q + 2*q - r = p. What is the greatest common divisor of 4 and q?
2
Let n = -790 - -1164. Suppose -o = 3*o + 5*q - n, 4*q - 463 = -5*o. Let b = -5 + 18. Calculate the highest common divisor of b and o.
13
Let a = 2 - 2. Suppose -2*g - g + 34 = -5*h, -5*h + 5 = a. What is the highest common divisor of g and 143?
13
Let v(q) = -q**3 - 7*q**2 - 6*q - 3. Let y be v(-6). Let k = y + 6. Suppose 96 = 4*u - 4*s, 5*s - 3 = u - 27. What is the greatest common factor of k and u?
3
Let y = 4 + 4. Let o(n) = -5*n**3 + 3*n**2 - 2. Let s be o(-3). Suppose -5*f + f = -s. Calculate the greatest common factor of f and y.
8
Let s be -4 - (16/4 + -74). Suppose -2*c + 6 = -s. Suppose -2*l + 16 = 2*r - 4, 1 = l. Calculate the highest common factor of r and c.
9
Let a = 10 - 5. Suppose a*d = 2*q - 5*q + 22, -4 = 4*d - 3*q. Calculate the highest common divisor of d and 6.
2
Let a be 0*(1/(-2))/(-1). Let q(w) = -3*w - 14. Let z(d) = 7*d + 29. Let m(v) = -9*q(v) - 4*z(v). Let j be m(a). What is the greatest common factor of j and 4?
2
Let r = -6 - -9. Let q be (-2)/4*4*-1. Suppose r*t - q*t = 14. Calculate the greatest common factor of 70 and t.
14
Let l = 25 - 15. Let n(a) = -9*a + 4. Let k be n(-4). Calculate the highest common factor of l and k.
10
Let d(b) = 2*b**2 + 2*b - 5. Let v be d(-5). Let q = v + 42. What is the highest common factor of 7 and q?
7
Let t(l) = -32*l + 5. Let y be t(-8). Calculate the greatest common factor of 29 and y.
29
Let z(f) = f**3 + 11*f**2 + 19*f + 12. Let a be z(-9). What is the greatest common divisor of 9 and a?
3
Let u(o) = 54*o**2 - 2*o + 1. Let g be u(1). Let v = g + -33. What is the greatest common divisor of v and 10?
10
Suppose 77 = 4*s - 3*o, s + 3*o = -o + 43. Let m be 2 - (0 + -1)*s. What is the greatest common divisor of m and 175?
25
Let a(q) = q - 3*q + 4*q + q. Let f be a(4). What is the highest common divisor of f and 60?
12
Suppose -2*q - 3*u = -53, -3*u - 15 + 2 = -q. What is the highest common divisor of q and 2?
2
Suppose 0 = -5*s + 35 + 105. Calculate the greatest common divisor of s and 14.
14
Let x = 95 + -53. Suppose -x = -4*r + 14. Calculate the highest common divisor of 56 and r.
14
Let y(o) = o**3 - o**2 - 3*o + 2. Let k be y(2). Suppose -4*b + 145 + 107 = k. Calculate the highest common divisor of 9 and b.
9
Let z be 6/(3 - (-83)/(-28)). Calculate the greatest common divisor of z and 24.
24
Let b be -2 + 12/1 - 2. Suppose 2*d - 3*d = -40. What is the highest common factor of b and d?
8
Suppose -4*o + 2*o + 39 = n, -3*o + 71 = -n. Let b(q) = q**3 - 3*q**2 - 5*q + 6. Let i be b(4). What is the greatest common factor of i and o?
2
Let f be (-3)/(-1) - 4/4. Let t(i) = -4*i**2 + 5*i + 4*i**2 + 6*i**f. Let j be t(-4). What is the greatest common divisor of 19 and j?
19
Let y(z) = z**2 - 6*z - 1. Let k = 13 - 17. Let n be y(k). Calculate the greatest common factor of n and 13.
13
Let c(h) = -3*h**2 - 22*h + 11. Let i be c(-7). What is the greatest common divisor of 24 and i?
6
Let j = -19 - -43. What is the highest common divisor of 40 and j?
8
Let w be 12 - (-4 - (-11 - -4)). Calculate the highest common factor of w and 1.
1
Let v be (-102)/18*(-2 + -1). Calculate the highest common divisor of v and 51.
17
Let g(u) = 2*u**2 - 6*u + 1. Let o be g(4). Let f(n) = -n + 6. Let v be f(3). Calculate the greatest common factor of v and o.
3
Let k be (16/5)/((-2)/(-5)). What is the greatest common factor of 4 and k?
4
Let a(d) = d**3 - 9*d**2 + 3*d - 9. Let g be a(9). Let q = 11 + -5. Calculate the greatest common factor of q and g.
6
Let o(s) = -s**3 + 4*s**2 + 4*s - 1. Let l be o(4). Let f = 5 - -10. Calculate the highest common factor of l and f.
15
Let c(b) = 2*b - 4. Let h be c(10). Calculate the highest common factor of h and 128.
16
Suppose 142 = 3*i + 5*g, 5*g - 150 = -4*i + 31. Calculate the highest common factor of i and 26.
13
Let l(a) = a**3 + 11*a**2 - 2*a - 2. Let p be l(-11). Suppose -43 = -5*d + w, 2*w = 4*d + w - 35. What is the highest common factor of p and d?
4
Suppose 6*b + 89 = 899. Calculate the highest common divisor of 18 and b.
9
Let r(w) = 21*w**2 + 7*w + 8. Let t be r(-3). Calculate the highest common factor of t and 8.
8
Let c(d) = 2*d - 1. Let h be c(-1). Let s be (h - -30) + 1/1. Suppose 126 = 3*q - 3*l, 6*l = q + 2*l - 42. What is the highest common factor of s and q?
14
Let i(s) = -16*s - 16. Let r be i(-14). What is the greatest common factor of 13 and r?
13
Let j = -2 + 2. Suppose 4*n - 3*k = -7, -4*k = -j*n - 4*n - 12. Let w = 21 + -19. Calculate the greatest common divisor of n and w.
2
Suppose 2*l = -2*z + 6, 0 = 5*l - 1 - 9. Suppose 5*m + 3*d + d = -2, 0 = -m + d + 5. What is the highest common divisor of z and m?
1
Supp